h) = -26*h. Let y be n(-4). Let j = 146 - y. Calculate the greatest common factor of j and w.
6
Let d(z) = z + 5. Let b be d(0). Suppose 9*n - 4*n - 20 = 0, b = 3*t - n. Let v be (-40)/t*18/(-8). Calculate the highest common divisor of v and 75.
15
Let g = 59 + 82. Calculate the highest common divisor of 47 and g.
47
Suppose -2*c + 136 = 2*c. Let w(v) = 0 + v - 3 - c*v. Let a be w(-3). What is the greatest common factor of a and 16?
16
Suppose 6*d - 5*d = 34. Calculate the greatest common factor of d and 51.
17
Let v(g) = 15*g**2 + 2*g - 1. Let c be v(1). What is the highest common factor of 24 and c?
8
Let r be (0 + -2)*4/4. Let g be 2/(r + 4)*12. What is the highest common factor of g and 36?
12
Let l(w) = -w**3 + 10*w**2 + 7*w + 2. Let h be l(5). Calculate the greatest common divisor of h and 108.
54
Let d be (0 + 4)*(-3 - -4). Suppose 0 = -d*j + 5*x + 20, 4*j - 44 = -0*x - x. What is the highest common factor of j and 5?
5
Suppose 104 = 2*s - s. Suppose -4*v + 2*k + 8 = -6, -2*v + 2*k + 8 = 0. Suppose -26 = -v*z + z. What is the greatest common factor of s and z?
13
Let b = 0 + 2. Suppose 0*f + 63 = -3*f. Let i = -3 - f. Calculate the greatest common divisor of b and i.
2
Let z(p) = -4*p - 5. Let d be z(8). Let w = 21 + d. Let i = w + 28. Calculate the highest common factor of i and 108.
12
Let u = -4 - -3. Let x = u - -10. What is the greatest common divisor of 72 and x?
9
Let l = -15 + 29. Calculate the highest common divisor of l and 112.
14
Let u(t) = 9*t**2 - 1. Let z be u(1). What is the highest common factor of 88 and z?
8
Let l = 329 + 400. Suppose 0 = -4*d + d + l. Let v be (-2)/4 - d/(-6). What is the highest common divisor of 5 and v?
5
Let u(q) be the first derivative of -7*q**2/2 - 7*q - 1. Let v be u(-5). Suppose 0 = 4*g - 2 - 26. Calculate the greatest common factor of v and g.
7
Let n = -4 + 5. What is the greatest common factor of n and 1?
1
Suppose 16*r - 10*r = 72. Calculate the highest common factor of 12 and r.
12
Let q(g) = g - 12. Let h be q(8). Let o be h*(-2 + (-11)/(-4)). Let a(i) = -4*i. Let l be a(o). What is the highest common divisor of 60 and l?
12
Let c(a) be the first derivative of a**4/4 + 3*a**3 - 11*a**2/2 + 5*a + 5. Let z be c(-10). What is the highest common divisor of z and 105?
15
Let f be (24/14)/(2/7). Let q = -4 + 8. What is the greatest common factor of q and f?
2
Suppose -3*i = -4*i + 50. What is the highest common factor of i and 10?
10
Let b = -80 - -132. Calculate the greatest common factor of b and 13.
13
Suppose -5 = -5*u + 5. Calculate the greatest common factor of u and 3.
1
Let r(j) = j - 3. Let z be r(-5). Let u be z/(-6)*(-12)/(-8). Suppose -4*b + 248 = 3*w, 4*w - 443 = -u*b - 99. What is the highest common divisor of w and 8?
8
Let i(d) = -6*d**3 - d**2 - d. Let g be i(-1). Suppose -356 = b - 5*b. Let k = 155 - b. Calculate the greatest common divisor of k and g.
6
Let c be -2 + (-1)/(2/(-20)). Let o = c - 6. Suppose 0*r - 3*r + 36 = 5*w, w = -r + 8. What is the greatest common factor of w and o?
2
Let n be (-3 - -4)*(-4)/(-2). Let g be (-1)/n*(2 + -30). Suppose 4*p - 144 = -2*t, p - t - 1 = 32. Calculate the highest common divisor of p and g.
7
Let d = -4 - -6. Let s(l) = 2*l + 12. Let b be s(-6). Suppose b = -4*a - z + 8, -z - d = 2*a - 4. Calculate the greatest common divisor of 15 and a.
3
Suppose -x = 4*b - 169, 0 = -3*b - 2*x + 3*x + 125. What is the greatest common divisor of b and 63?
21
Suppose -4*h + 0*h = -748. Suppose -x + 0 + 17 = 0. Calculate the highest common factor of x and h.
17
Let g = 17 - 26. Let l(f) = f**3 + 8*f**2 - 11*f + 5. Let k be l(g). Calculate the greatest common factor of 69 and k.
23
Suppose 2*v + 2*f + 0*f - 54 = 0, f = -1. Let q be 3/(90/v - 3). Calculate the greatest common factor of q and 35.
7
Suppose -4*i = i - y - 28, i + 3*y = -4. Let c(n) = 9*n**2 - n**2 + 1 - n + 4*n**2 + 8*n**2. Let z be c(1). Calculate the highest common divisor of i and z.
5
Let u be (-4)/(-14) + (-5592)/21. Let i = -154 - u. Suppose 5*v + 5*p - 55 = 0, 2*p - 39 = -3*v + p. What is the greatest common factor of i and v?
14
Suppose -4*i - 2*n = -7*n - 93, -i - 2*n + 20 = 0. Let s = 9 + 13. What is the greatest common divisor of i and s?
22
Suppose 0 = -f - 4*m + 28, 114 = 4*f + 2*m + 2. Let r = f - 6. Calculate the highest common factor of r and 55.
11
Suppose -281 - 67 = -6*w. What is the highest common factor of 29 and w?
29
Suppose 0*x - x + 21 = 0. Suppose 3*o + 2*w - 13 = 0, -5*w + 4*w - 39 = -5*o. What is the greatest common factor of x and o?
7
Let z = -30 + 50. What is the greatest common divisor of z and 100?
20
Let m(k) = -9*k - 1. Suppose 3*o + 1 = -5. Let l be m(o). Let c(s) = -16*s + 2. Let n be c(-2). What is the highest common factor of l and n?
17
Let b = 61 - -19. What is the highest common divisor of 10 and b?
10
Let z(r) = 16*r. Let w be z(1). Let n = -4 - -28. Calculate the greatest common factor of n and w.
8
Let x = -97 + 111. What is the greatest common factor of x and 266?
14
Let z = 23 - 7. Suppose 5*i + 45 = -x, 5 = 5*x - 20. Let u = z + i. What is the greatest common factor of u and 12?
6
Suppose 0 = 4*z - 3*q - 53, q + 14 = 3*z - 22. What is the greatest common divisor of 11 and z?
11
Let f be -1 + -2*4*-1. What is the highest common factor of 49 and f?
7
Let v be -12 - -16 - (1 - 4). What is the greatest common factor of 7 and v?
7
Suppose 0 = -5*c + 20 - 0. What is the highest common divisor of c and 4?
4
Let y be -6*1/(-8)*4. Suppose 2*n - y*n = -2. Suppose -122 = -3*x - 107. What is the greatest common divisor of x and n?
1
Suppose -3 = 5*i - 63. Suppose 0 = -6*b + 3*b + i. Suppose -2*s + s + 1 = 0. What is the greatest common divisor of s and b?
1
Let d be (168/9*3)/((-7)/(-35)). Calculate the highest common divisor of d and 28.
28
Let i = 19 + -13. Let m be (6/18)/(1/9). What is the highest common factor of m and i?
3
Suppose 6*x - 152 = -2*x. What is the greatest common divisor of x and 19?
19
Let y(c) = -c**3 + 6*c**2 - c + 4. Let i be y(4). What is the highest common factor of i and 96?
32
Let w be (-16)/((2/(-19))/1). Let i be -2*3/(18/(-57)). What is the greatest common divisor of i and w?
19
Suppose -4*o + 9*o - 110 = 0. Let y = 447 + -310. Suppose t + y = 4*s, -6*s + t + 170 = -s. Calculate the highest common factor of o and s.
11
Suppose z - 4*c - 164 = 0, -2*c + 149 = z - c. What is the greatest common divisor of z and 19?
19
Suppose -6*f + 0*f + 6 = 0. Calculate the highest common factor of f and 1.
1
Let x be ((-240)/56)/(1/(-7)). What is the highest common divisor of 12 and x?
6
Suppose 0 = 5*a - y - 141, 0 = -2*a - y + 78 - 23. Suppose -4*p + p = -l - 32, -2*p - l = -a. Calculate the greatest common factor of 4 and p.
4
Suppose 10*u = 161 + 99. Calculate the highest common divisor of u and 91.
13
Suppose -3*u + 18 = 6. Let l be 4/2 + u/(-2). Suppose o - 6 + 4 = l. Calculate the highest common divisor of o and 5.
1
Let x = -275 + 440. Suppose t + 3*t - 5*b = x, -3*t + 3*b + 120 = 0. Calculate the greatest common factor of 14 and t.
7
Suppose 0*m + 76 = m. Calculate the highest common factor of m and 38.
38
Let u be (-2 - (-4)/2) + 48. Suppose 5*v - 4 = 6. Suppose -3*j = -v*j - 12. What is the greatest common factor of u and j?
12
Suppose -4*d - 28 = -t, 4*d + 56 = 3*t - d. Let x(r) = 2*r**2 - 7*r + 3. Let f be x(5). What is the greatest common factor of f and t?
6
Let n(u) = u**2 + 5*u - 5. Let j be n(-8). Let k = j + -11. Suppose 0 = 3*s - 6*s + 48. What is the highest common divisor of s and k?
8
Suppose 0 = 5*y - 3*m - 70, -3*y + 70 = 2*y + 5*m. Calculate the greatest common divisor of 14 and y.
14
Let t(d) = d**2 - 3*d + 3. Let l be t(4). Suppose 2*c = -2*c. Let w(v) = -v + 77. Let j be w(c). Calculate the highest common factor of l and j.
7
Suppose 0 = 3*h - 2 - 13. What is the greatest common divisor of 5 and h?
5
Let z = -30 + 50. What is the greatest common divisor of 10 and z?
10
Let s(d) = 2*d - 3. Let k be s(4). Suppose 0 = z - 4*n + 7, 3*z + 13 = 8*z + 4*n. What is the highest common divisor of k and z?
1
Let l(x) = -x**3 - 5*x**2 - 5*x - 6. Let t be l(-6). What is the highest common factor of t and 45?
15
Suppose -21 + 5 = -4*i. Suppose i*u - 200 = -24. Let c(a) = a**3 + 9*a**2 + 11. Let h be c(-9). Calculate t